{"id":158,"date":"2017-12-09T12:44:29","date_gmt":"2017-12-09T12:44:29","guid":{"rendered":"http:\/\/christophmenger.de\/christophmenger\/?page_id=158"},"modified":"2017-12-22T11:27:56","modified_gmt":"2017-12-22T10:27:56","slug":"diverse","status":"publish","type":"page","link":"https:\/\/christophmenger.de\/christophmenger\/diverse\/","title":{"rendered":"Diverse"},"content":{"rendered":"<div id=\"pl-158\"  class=\"panel-layout\" ><div id=\"pg-158-0\"  class=\"panel-grid panel-has-style\" ><div style=\"padding: 100px 0; \" data-overlay=\"true\" data-overlay-color=\"#000000\" class=\"panel-row-style panel-row-style-for-158-0\" ><div id=\"pgc-158-0-0\"  class=\"panel-grid-cell\" ><div id=\"panel-158-0-0-0\" class=\"so-panel widget widget_black-studio-tinymce widget_black_studio_tinymce panel-first-child panel-last-child\" data-index=\"0\" ><div style=\"text-align: left;\" data-title-color=\"#443f3f\" data-headings-color=\"#443f3f\" class=\"panel-widget-style panel-widget-style-for-158-0-0-0\" ><div class=\"textwidget\"><p style=\"text-align: center;\"><a href=\"https:\/\/www.christophmenger.de\/wp-content\/uploads\/2017\/12\/H\u00e4ndebaum.jpg\"><img loading=\"lazy\" decoding=\"async\" class=\"alignnone wp-image-599 size-medium\" src=\"https:\/\/www.christophmenger.de\/wp-content\/uploads\/2017\/12\/H\u00e4ndebaum-300x225.jpg\" alt=\"- H\u00e4ndebaum - 500x500cm\" width=\"300\" height=\"225\" srcset=\"https:\/\/www.christophmenger.de\/wp-content\/uploads\/2017\/12\/H\u00e4ndebaum-300x225.jpg 300w, https:\/\/www.christophmenger.de\/wp-content\/uploads\/2017\/12\/H\u00e4ndebaum-768x576.jpg 768w, https:\/\/www.christophmenger.de\/wp-content\/uploads\/2017\/12\/H\u00e4ndebaum-1024x768.jpg 1024w, https:\/\/www.christophmenger.de\/wp-content\/uploads\/2017\/12\/H\u00e4ndebaum-830x623.jpg 830w, https:\/\/www.christophmenger.de\/wp-content\/uploads\/2017\/12\/H\u00e4ndebaum-230x173.jpg 230w, https:\/\/www.christophmenger.de\/wp-content\/uploads\/2017\/12\/H\u00e4ndebaum-350x263.jpg 350w, https:\/\/www.christophmenger.de\/wp-content\/uploads\/2017\/12\/H\u00e4ndebaum-480x360.jpg 480w, https:\/\/www.christophmenger.de\/wp-content\/uploads\/2017\/12\/H\u00e4ndebaum.jpg 1200w\" sizes=\"auto, (max-width: 300px) 100vw, 300px\" \/><\/a><\/p>\n<\/div><\/div><\/div><\/div><div id=\"pgc-158-0-1\"  class=\"panel-grid-cell\" ><div id=\"panel-158-0-1-0\" class=\"so-panel widget widget_black-studio-tinymce widget_black_studio_tinymce panel-first-child panel-last-child\" data-index=\"1\" ><div style=\"text-align: left;\" data-title-color=\"#443f3f\" data-headings-color=\"#443f3f\" class=\"panel-widget-style panel-widget-style-for-158-0-1-0\" ><div class=\"textwidget\"><h4>H\u00e4ndebaum<\/h4>\n<p>Dreidimensionaler Baum aus leeren Getr\u00e4nkedosen .<\/p>\n<p>Die Bl\u00e4tter sind aus Dosen und zeigen die H\u00e4nde der Kinder.<\/p>\n<p>Die dreidimensionalen Buchstaben sind aus\u00a0 goldenen Getr\u00e4nkedosen hergestellt.<\/p>\n<p>Zu besichtigen in der Sch\u00f6nauschule Grundschule\u00a0 Mannheim.<\/p>\n<\/div><\/div><\/div><\/div><\/div><\/div><div id=\"pg-158-1\"  class=\"panel-grid panel-has-style\" ><div style=\"padding: 100px 0; \" data-overlay=\"true\" data-overlay-color=\"#000000\" class=\"panel-row-style panel-row-style-for-158-1\" ><div id=\"pgc-158-1-0\"  class=\"panel-grid-cell\" ><div id=\"panel-158-1-0-0\" class=\"so-panel widget widget_black-studio-tinymce widget_black_studio_tinymce panel-first-child panel-last-child\" data-index=\"2\" ><div style=\"text-align: left;\" data-title-color=\"#443f3f\" data-headings-color=\"#443f3f\" class=\"panel-widget-style panel-widget-style-for-158-1-0-0\" ><div class=\"textwidget\"><h4 style=\"text-align: right;\">Box<\/h4>\n<p style=\"text-align: right;\">Dreidimensionale Box aus leeren Getr\u00e4nkedosen hergestellt.<\/p>\n<p style=\"text-align: right;\">Die Box war eine Auftragsarbeit f\u00fcr die Firma Ball.<\/p>\n<\/div><\/div><\/div><\/div><div id=\"pgc-158-1-1\"  class=\"panel-grid-cell\" ><div id=\"panel-158-1-1-0\" class=\"so-panel widget widget_black-studio-tinymce widget_black_studio_tinymce panel-first-child panel-last-child\" data-index=\"3\" ><div style=\"text-align: left;\" data-title-color=\"#443f3f\" data-headings-color=\"#443f3f\" class=\"panel-widget-style panel-widget-style-for-158-1-1-0\" ><div class=\"textwidget\"><p style=\"text-align: center;\"><a href=\"https:\/\/www.christophmenger.de\/wp-content\/uploads\/2017\/12\/BOX.jpg\"><img loading=\"lazy\" decoding=\"async\" class=\"alignnone wp-image-610 size-medium\" src=\"https:\/\/www.christophmenger.de\/wp-content\/uploads\/2017\/12\/BOX-300x231.jpg\" alt=\"- Box -   36x22x16cm\" width=\"300\" height=\"231\" srcset=\"https:\/\/www.christophmenger.de\/wp-content\/uploads\/2017\/12\/BOX-300x231.jpg 300w, https:\/\/www.christophmenger.de\/wp-content\/uploads\/2017\/12\/BOX-768x591.jpg 768w, https:\/\/www.christophmenger.de\/wp-content\/uploads\/2017\/12\/BOX-1024x789.jpg 1024w, https:\/\/www.christophmenger.de\/wp-content\/uploads\/2017\/12\/BOX-830x639.jpg 830w, https:\/\/www.christophmenger.de\/wp-content\/uploads\/2017\/12\/BOX-230x177.jpg 230w, https:\/\/www.christophmenger.de\/wp-content\/uploads\/2017\/12\/BOX-350x270.jpg 350w, https:\/\/www.christophmenger.de\/wp-content\/uploads\/2017\/12\/BOX-480x370.jpg 480w, https:\/\/www.christophmenger.de\/wp-content\/uploads\/2017\/12\/BOX.jpg 1070w\" sizes=\"auto, (max-width: 300px) 100vw, 300px\" \/><\/a><\/p>\n<\/div><\/div><\/div><\/div><\/div><\/div><div id=\"pg-158-2\"  class=\"panel-grid panel-has-style\" ><div style=\"padding: 100px 0; \" data-overlay=\"true\" data-overlay-color=\"#000000\" class=\"panel-row-style panel-row-style-for-158-2\" ><div id=\"pgc-158-2-0\"  class=\"panel-grid-cell\" ><div id=\"panel-158-2-0-0\" class=\"so-panel widget widget_black-studio-tinymce widget_black_studio_tinymce panel-first-child panel-last-child\" data-index=\"4\" ><div style=\"text-align: left;\" data-title-color=\"#443f3f\" data-headings-color=\"#443f3f\" class=\"panel-widget-style panel-widget-style-for-158-2-0-0\" ><div class=\"textwidget\"><p style=\"text-align: center;\"><a href=\"https:\/\/www.christophmenger.de\/wp-content\/uploads\/2017\/12\/Rindenpferd.jpg\"><img loading=\"lazy\" decoding=\"async\" class=\"wp-image-1098 size-medium alignnone\" src=\"https:\/\/www.christophmenger.de\/wp-content\/uploads\/2017\/12\/Rindenpferd-300x197.jpg\" alt=\"- Rindenpferd -\" width=\"300\" height=\"197\" srcset=\"https:\/\/www.christophmenger.de\/wp-content\/uploads\/2017\/12\/Rindenpferd-300x197.jpg 300w, https:\/\/www.christophmenger.de\/wp-content\/uploads\/2017\/12\/Rindenpferd-768x504.jpg 768w, https:\/\/www.christophmenger.de\/wp-content\/uploads\/2017\/12\/Rindenpferd-1024x672.jpg 1024w, https:\/\/www.christophmenger.de\/wp-content\/uploads\/2017\/12\/Rindenpferd-830x544.jpg 830w, https:\/\/www.christophmenger.de\/wp-content\/uploads\/2017\/12\/Rindenpferd-230x151.jpg 230w, https:\/\/www.christophmenger.de\/wp-content\/uploads\/2017\/12\/Rindenpferd-350x230.jpg 350w, https:\/\/www.christophmenger.de\/wp-content\/uploads\/2017\/12\/Rindenpferd-480x315.jpg 480w, https:\/\/www.christophmenger.de\/wp-content\/uploads\/2017\/12\/Rindenpferd.jpg 1200w\" sizes=\"auto, (max-width: 300px) 100vw, 300px\" \/><\/a><\/p>\n<\/div><\/div><\/div><\/div><div id=\"pgc-158-2-1\"  class=\"panel-grid-cell\" ><div id=\"panel-158-2-1-0\" class=\"so-panel widget widget_black-studio-tinymce widget_black_studio_tinymce panel-first-child panel-last-child\" data-index=\"5\" ><div style=\"text-align: left;\" data-title-color=\"#443f3f\" data-headings-color=\"#443f3f\" class=\"panel-widget-style panel-widget-style-for-158-2-1-0\" ><div class=\"textwidget\"><h4>Rindenpferd<\/h4>\n<p>Auch Rinde l\u00e4sst sich hervorragend wiederverwerten.<\/p>\n<p>Hier ein Pferd aus Rinde.<\/p>\n<\/div><\/div><\/div><\/div><\/div><\/div><\/div>","protected":false},"excerpt":{"rendered":"<p>H\u00e4ndebaumDreidimensionaler Baum aus leeren Getr\u00e4nkedosen .Die Bl\u00e4tter sind aus Dosen und zeigen die H\u00e4nde der Kinder.Die dreidimensionalen Buchstaben sind aus\u00a0 goldenen Getr\u00e4nkedosen [&hellip;]<\/p>\n","protected":false},"author":1,"featured_media":0,"parent":0,"menu_order":0,"comment_status":"closed","ping_status":"closed","template":"page-templates\/page_fullwidth.php","meta":{"footnotes":""},"class_list":["post-158","page","type-page","status-publish","hentry"],"_links":{"self":[{"href":"https:\/\/christophmenger.de\/christophmenger\/wp-json\/wp\/v2\/pages\/158","targetHints":{"allow":["GET"]}}],"collection":[{"href":"https:\/\/christophmenger.de\/christophmenger\/wp-json\/wp\/v2\/pages"}],"about":[{"href":"https:\/\/christophmenger.de\/christophmenger\/wp-json\/wp\/v2\/types\/page"}],"author":[{"embeddable":true,"href":"https:\/\/christophmenger.de\/christophmenger\/wp-json\/wp\/v2\/users\/1"}],"replies":[{"embeddable":true,"href":"https:\/\/christophmenger.de\/christophmenger\/wp-json\/wp\/v2\/comments?post=158"}],"version-history":[{"count":39,"href":"https:\/\/christophmenger.de\/christophmenger\/wp-json\/wp\/v2\/pages\/158\/revisions"}],"predecessor-version":[{"id":1106,"href":"https:\/\/christophmenger.de\/christophmenger\/wp-json\/wp\/v2\/pages\/158\/revisions\/1106"}],"wp:attachment":[{"href":"https:\/\/christophmenger.de\/christophmenger\/wp-json\/wp\/v2\/media?parent=158"}],"curies":[{"name":"wp","href":"https:\/\/api.w.org\/{rel}","templated":true}]}}